e units digit of q?
2
Suppose 0 = 1869*b - 1873*b + 8, 4*l = b + 50406. What is the hundreds digit of l?
6
Let c = -16 + 18. Suppose -t = c*t + 6. Let a(i) = -5*i**3 - 4*i**2 - 3*i. What is the tens digit of a(t)?
3
Suppose -114*g + 110*g - 2*w = -31348, 5*w - 31348 = -4*g. What is the tens digit of g?
3
Let p(g) = 126*g - 184. Let w be p(8). Suppose 0 = 2*y + w - 2468. What is the hundreds digit of y?
8
Suppose 70 = 15*r - 5*r. Suppose 0*y - 3*c + 65 = y, -4*c + 138 = 2*y. Suppose -r = -s + y. What is the tens digit of s?
8
Let b(x) = x**3 - 13*x**2 + 15*x - 15. Let t be b(12). Suppose t*g - 20*g - 3 = 0. Suppose -g*m + 16*m - 1469 = 0. What is the units digit of m?
3
Let o be 1 + (486 - -1) + -175 + 177. Suppose -5*s + 4915 = o. What is the hundreds digit of s?
8
Let x be (-3 - (0 + -1))/((-20)/40). Suppose -x*p - 1584 = -8*p. What is the units digit of p?
6
Suppose 0 = 86*r - 1355793 - 812267. What is the thousands digit of r?
5
Let l(b) = -b**3 + 20*b**2 + 15*b - 23. Let v be l(19). Let z = 1024 - v. What is the hundreds digit of z?
4
Let m = 342 + -316. Let w(u) = -u**2 + 39*u - 27. What is the units digit of w(m)?
1
Let c(t) = t**2 + 6*t - 74. Let n be c(-12). What is the tens digit of (n + -2)/(3*(-4)/426)?
4
Let w = -84484 - -158513. What is the thousands digit of w?
4
Let n(z) = 3*z**2 - 10*z + 6. Let b be n(6). Let h be 860/18 - (-12)/b. Suppose -37 = r - h. What is the units digit of r?
1
Let f(a) be the third derivative of -a**5/120 - a**4/2 + 5*a**3/2 + 4*a**2. Let n(d) be the first derivative of f(d). What is the units digit of n(-15)?
3
Let b be 585/9*12/15. Suppose -30 = -2*y - 3*w, -2*y + 4*w = -6*y + b. Suppose 5*t = -4*z + 53, 0*t - y = -2*z + t. What is the units digit of z?
7
Suppose -3*h + 391 = -647. Suppose 5*c - 10 + 0 = 0, -3*w - 5*c = -h. What is the hundreds digit of w?
1
Let m = -2179 - -1273. Let y = -419 - m. Suppose -3*u - x + 479 = 0, 3*u + 3*x = -2*x + y. What is the units digit of u?
9
Suppose 15 = 4*c + 7. Suppose -4*b - c*o + 42 = 0, 5*o = 4*b + b - 15. What is the units digit of (-10)/b*(1 - 5)?
5
Suppose 10151*t - 10165*t + 332850 = 0. What is the hundreds digit of t?
7
Suppose 5*r = -2*d - 381, -3*d - 19 = -2*r + 524. Let x = 327 + d. Let a = x + 54. What is the tens digit of a?
9
Let y be -2*1/(-5)*-5 - -25. Suppose y - 39 = -4*w. Suppose -w*a = 92 - 400. What is the units digit of a?
7
Let i(y) = y + 9. Let g be i(-6). Suppose j - 89 = 4*v, -3*v = 2*j - g*j + 91. What is the tens digit of j?
9
Suppose -15*y = -25*y. What is the hundreds digit of (-126)/((-7 - -6) + y)?
1
Suppose 8*m = -2*m + 202815 - 82805. What is the units digit of m?
1
Suppose 17*z = 91*z - 211101 - 3769877. What is the tens digit of z?
9
Let i = -20152 + 39071. What is the ten thousands digit of i?
1
Suppose 82*q - 61179 = 106593. What is the hundreds digit of q?
0
Suppose -36*a = -35*a - 3. Suppose -c - 3 = 2*k, 4 = 2*c + 5*k - a*k. What is the units digit of c?
7
Let s(p) = -p**3 - 7*p**2 + 10*p + 102. Let q be s(-6). Let i(y) = -4*y**2 + 30*y + 2. What is the tens digit of i(q)?
3
Let z = 375 - 23. Suppose 0 = 2*j - 4*g - z, 3*j - 5*g + 117 = 640. What is the units digit of j?
6
Suppose 2*w + 4 = 28. Suppose u + 3*u - w = 0. What is the units digit of 8/(4/12*u)?
8
Let s = 22 - 48. Let c(v) = v**2 + 6*v - 75. What is the units digit of c(s)?
5
Let h = 45 - 43. Let d be ((2/6)/1)/(h/6). Let k = 26 - d. What is the tens digit of k?
2
Let i(c) = -c**3 - c + 4. Let o(b) = b**3 + 10*b**2 - 5*b - 18. Let r(l) = -2*i(l) - o(l). Suppose -8 + 28 = 2*n. What is the units digit of r(n)?
0
Let s be (-563)/(-4) + (-9)/12. What is the thousands digit of (-230)/(s/(-45) - -3)?
2
Let w = -833 - -1530. Suppose 1419 = 4*r + m - 2*m, 3*m + w = 2*r. What is the units digit of r?
6
Let j = 32838 - 20117. What is the thousands digit of j?
2
Suppose 514*y - 48717 = 492*y + 181557. What is the ten thousands digit of y?
1
Suppose -7*l = -2*l + 115. Let v(z) = -z**2 - 30*z + 15. Let p be v(l). Suppose 0 = -4*i + 3*r + 452, 518 = 3*i - 3*r + p. What is the tens digit of i?
1
Let r = 3483 + -2504. What is the hundreds digit of r?
9
Let f be ((-109)/(-2))/(27433/(-3430) - -8). Suppose -44*i = -31243 - f. What is the units digit of i?
7
Let a be 1568 - ((-27)/9)/(-1). Let o = a + -281. What is the hundreds digit of o?
2
Let c be 0 + (-1)/(-10) - 1233697/(-230). Suppose 1219*l = 1225*l - c. What is the tens digit of l?
9
Let k(j) = -24*j**2 + 26 - 9*j - 23 + 7*j**2 + 45 - j**3. What is the hundreds digit of k(-17)?
2
Let w = -47 - -36. Let b = w - -7. What is the hundreds digit of 160 - (b/(-7))/(2/7)?
1
Let c(s) = s**3 + 19*s**2 - 474*s + 18. What is the hundreds digit of c(34)?
1
Let o(b) = -b**2 - b + 2. Let x be ((-2)/(-3))/(6/9). Let a be o(x). Suppose 7*y = -3*k + 2*y + 199, a = -4*y + 8. What is the units digit of k?
3
Suppose 9*s + 2100 = q - 5888, -2*s - 31884 = -4*q. What is the hundreds digit of q?
9
Suppose -s - 22371 = -5*y + 2*s, 4483 = y - 5*s. Suppose -45*o + 42*o + y = 0. What is the thousands digit of o?
1
Suppose -a + 89897 = 25398. What is the tens digit of a?
9
Suppose -10*t - 18 = -4*v - 12*t, -2*t + 3 = v. What is the units digit of (-1)/v - 36207/(-135)?
8
Let s(w) = -w**3 - 16*w**2 + 35*w - 52. Let k be s(-19). Let z = k - -169. What is the units digit of z?
5
Suppose 41 = -3*r + 353. Suppose 0 = r*y - 98*y - 3474. What is the tens digit of y?
7
Let w(l) = -l**3 - 7*l**2 + 3*l + 23. Let m be w(-7). Suppose 5*u - 5*t = 1530, -2*u - 2*u = -m*t - 1226. What is the units digit of u?
7
Let q(l) = 3*l**3 + 154*l**2 + 75*l - 53. What is the hundreds digit of q(-49)?
0
Let v(g) = 6*g**2 + 142*g - 6801. What is the units digit of v(64)?
3
Let o(g) = 27*g**2 + g + 3. Let h be 4/10 + (-406)/(-35). Suppose -h = -9*p - 30. What is the units digit of o(p)?
9
Let g = -46 + 47. Let q be (g - -2) + (-6 - 269). What is the tens digit of (-3)/(-3)*(q/(-2))/1?
3
Suppose 160*p = 175*p - 15. What is the hundreds digit of p*5 + (33 - -971) - 0?
0
Suppose -3*n = -q + 6*q - 24155, 5*n + 24115 = 5*q. What is the hundreds digit of q?
8
Suppose 45 = -20*a + 23*a. Suppose 3*b - a = 57. Suppose -3*p + d = -3*d - 91, p = -5*d + b. What is the tens digit of p?
2
Let n = 117928 - 41604. What is the tens digit of n?
2
Let o = 28 + -34. Let u(p) = -p**2 - 7*p + 6. Let i be u(o). Suppose 0 = 4*c + 4*g - 348, -5*g - 13 - i = 0. What is the units digit of c?
2
Let z be (0 + (-8)/(-14))/(66/231). Let d be z/(4/13) - (-3)/6. Suppose -9*q = -d*q - 94. What is the units digit of q?
7
Let t = 11 + 43. Suppose -88 = -3*o - o - z, -2*o + 2*z = -t. What is the tens digit of o?
2
Let z = 67 + -40. Let i be z + 5 + -2 + -1. Suppose i + 1 = k. What is the tens digit of k?
3
Let f(i) = -34*i - 5. Let s be f(-2). Suppose 4*w + 32 = 5*g - 0*w, -2*g = -3*w - 17. Suppose -g*o + 191 = s. What is the tens digit of o?
3
Suppose 0 = -2*b + 4*x - 0*x + 4406, -5*x - 10 = 0. What is the thousands digit of b?
2
Suppose 8*c = 185 + 335. Suppose 319 = 2*r + c. What is the tens digit of r?
2
Suppose 8*y = -16*y + 5544. Let l = y - 8. What is the units digit of l?
3
Let p(b) = b**2 + 2*b + 428. Let o be p(0). Suppose 4*c = -l + 550, -c - o = -2*l + 636. What is the units digit of l?
4
Let b(y) = 16*y + 261. Let s be b(0). Let j = -92 + s. What is the tens digit of j?
6
Let p be (-3)/(-6) + 130895/10. Suppose -4*w - 10*w = -p. What is the tens digit of w?
3
Suppose 3*c = -9, -77*c = 2*f - 81*c - 13700. What is the units digit of f?
4
Suppose 186*s = 4036304 - 439808. What is the ten thousands digit of s?
1
Let b be 0*(-1 + 0 + 0). Suppose b = 3*q - 0*x + 3*x - 3, q - 4*x = 6. Suppose -2 = m, i + 5*m = q*m + 14. What is the units digit of i?
0
Let m = 14479 + -1129. What is the thousands digit of m?
3
Let l be -3*(-2 + 5 - 169). Let n = -164 + l. What is the units digit of n?
4
Suppose 37*d = 70*d - 41*d. What is the units digit of (-52205)/(-53)*(d/(-2) + 1)?
5
Suppose 2*v + 91322 = 4*i, -29*v - 68502 = -3*i - 24*v. What is the thousands digit of i?
2
Let b(x) = -x**2 - 30*x - 21. Let g be b(-30). What is the tens digit of 100*(-8)/(-28)*g/(-4)?
5
What is the units digit of (-1)/(5 + (-17)/(3271310/962160))?
3
Suppose -5*q - 3517080 = -75*q. What is the units digit of q?
4
Let b be -5*((-2)/10)/